 1). Let p = -138 + i. What is the tens digit of p?
6
Suppose 3*p = 4*t - 2293 - 3345, 4*t - 5648 = -2*p. What is the tens digit of t?
1
Suppose 3*w - 795 = 4*y - 7104, -5*y + 4*w + 7885 = 0. What is the tens digit of y?
8
Suppose g - 4 = -f, -3*f - 5 = -3*g + f. Let q be ((-10)/g + 2)*-3. What is the tens digit of q/(-18) - 1778/(-63)?
2
Suppose -5*w - 3*a = -28, 0*a = -a + 1. Suppose w*b + 36 = 8*b. What is the tens digit of b?
1
Let f be 1/4*(34 - 34). Let c(h) = 11 + 4*h**2 - 3*h**2 + 7. What is the units digit of c(f)?
8
Let z be (-4 - (-152)/36) + 352/36. Suppose 0*d = -d + z. What is the tens digit of d?
1
Let l(b) = 4*b**2 - 104*b. What is the thousands digit of l(47)?
3
Suppose -4*z + 3*h + 2*h = -124, 3*h = -5*z + 192. Let a = z + -24. What is the units digit of a?
2
What is the tens digit of 4*(-7)/154 + (-17063)/(-11)?
5
Suppose -5*l = -627 + 32. Let q = -11 + l. Suppose 2*f - 2*p = -3*p + 105, q = 2*f - 2*p. What is the units digit of f?
3
Suppose -224 = -5*d + 3101. Suppose 27*s + d = 34*s. What is the tens digit of s?
9
What is the tens digit of 6 + (2 - -2 - 5) + 6?
1
Let d = -171 + 185. What is the units digit of d?
4
Suppose 0 = -a - 0*a - 2*h - 2, -4*h = -4*a + 4. Suppose 2*x = -a*f + 3*f + 64, 10 = 5*f. What is the tens digit of (x/3)/((-1)/(-6))?
7
Let d = -13 + 15. Let i(q) = -9 - 22*q + 9*q - q**2 - d. What is the units digit of i(-9)?
5
Let k(b) = b**3 - 3*b**2 - 8*b + 16. Let u be k(4). Let a = u - -29. What is the tens digit of a?
2
Let d = 18 + -14. Suppose 0 = -5*b + 3*x - 4*x + 120, x = -d*b + 95. What is the units digit of b?
5
Suppose 5*c - 3*c + 2 = 0, 0 = 2*p - c + 287. What is the units digit of ((-118)/12)/(24/p)?
9
Let g(c) be the first derivative of -5*c**2 - 7*c + 4*c**2 - 2*c**2 + 6. What is the units digit of g(-5)?
3
Let w(o) = 13*o + 6. Let k be w(3). Let b be (-3114)/k + (-8)/10. What is the tens digit of (b/(-8))/((-3)/(-12))?
3
Let y = 96 + -27. What is the units digit of 6*(-4)/8 + y?
6
Let a be 166/(-18) - (-4)/18. Let k(f) = -10*f + 6. What is the tens digit of k(a)?
9
Suppose 4*s + 134 = -46. Let l be 120/25*s/(-6). Suppose -6*h + l = -4*h. What is the tens digit of h?
1
Suppose 5*t + 347 = -6*q + 9*q, -2*t = -10. What is the tens digit of q?
2
Let k(p) = p**2 + 9*p + 11. Let l be k(-8). Suppose l*i = -5*y + 142, 0 = -2*i + 4*i - 4*y - 102. What is the units digit of i?
9
Let f(i) = i - 1. Let g(b) = b**2 - 9*b + 2. Let q be g(9). Let x be f(q). Suppose -z - n - n = -17, -3*z + 4*n + x = 0. What is the units digit of z?
7
Suppose -j = -5*j + 2*t + 10864, 8148 = 3*j - 3*t. What is the tens digit of j?
1
Let o = -19 + 17. Let h(u) = 8*u + 1. Let i be h(o). What is the tens digit of 6/i - (-114)/10?
1
Let l be ((-18)/(-15))/(5/325). Suppose -2*b + 114 = -l. What is the tens digit of b?
9
Suppose -25*z - 24 = -33*z. What is the units digit of z?
3
Let s(l) be the third derivative of -1/6*l**3 + 0*l**5 - 7*l**2 + 0 + 1/120*l**6 + 0*l - 5/24*l**4. What is the tens digit of s(3)?
1
Suppose 14*j + 28591 = 91045. What is the thousands digit of j?
4
Let d be ((-2 - -2) + -1 + 1)/1. Suppose 5*y - 445 = -5*t, d = t - 0*y - 4*y - 84. What is the units digit of t?
8
Let h(s) = 14*s**2 - 62*s - 2. Let y(m) = 5*m**2 - 21*m - 1. Let k(b) = 6*h(b) - 17*y(b). Let n be k(-16). Let v = 4 - n. What is the units digit of v?
5
Let c(b) = b. Let f be c(10). Suppose 1 = 2*a - 5*q, -5*a - 2*q + 27 = f. What is the tens digit of (-45)/a*4/(-3)?
2
Let c = 2894 - 1179. What is the hundreds digit of c?
7
Let d be (-4)/(-8)*(2 + 12). Suppose -d = -2*l + 1. Suppose 50 = -2*f + l*f. What is the units digit of f?
5
Suppose 15*x + 0*x = -105. Let w(b) be the first derivative of b**2/2 + 9*b - 1. What is the units digit of w(x)?
2
Let b(g) = g**3 + 11*g**2 + 24*g + 2. Let x be b(-7). What is the tens digit of (-4172)/(-24) + 5/x?
7
Let m(b) = 360*b**3 + 3*b**2 - 4*b + 2. What is the tens digit of m(1)?
6
Let v = 255 + -235. What is the units digit of v?
0
Let y be -11*(1 + (-5 - -5)). Let i be 2/(-6)*(0 + -129). Let l = y + i. What is the tens digit of l?
3
Let u = 36 - 38. What is the units digit of (-1 + 47)*(-1)/u?
3
Let n(l) = -l + 1. Let o be n(1). Suppose 10*u - 50 - 1280 = o. What is the tens digit of u?
3
Let s be ((-20)/50)/(-1*2/30). Suppose -s*b + 2*b = -56. What is the units digit of b?
4
Let l(j) = j**2 + 19*j - 7. Let i be l(-19). Let k = i + 63. What is the units digit of k?
6
Let t = -981 + 1127. What is the tens digit of t?
4
Let b be -1 - 4*(-8 - 2). Suppose -n - 3*y = -100, b = n + 4*y - 65. What is the tens digit of n?
8
Let r(b) = -b + 1. Let q be r(0). Let k be (0 - q)/(1/15). What is the tens digit of (-2 + 12)*(-78)/k?
5
Let d(k) = k + 11. Let l be d(-11). Suppose 5*v + 11 = -2*z, 5*z + l*v + 5*v = -5. What is the units digit of z?
2
Suppose -7*i + 3096 = -187. What is the tens digit of i?
6
Suppose 4*n - 6894 = -2*u, 0 = 20*n - 18*n + 5*u - 3427. What is the tens digit of n?
2
Let z(b) = 2*b**2 + 85*b + 5. What is the thousands digit of z(20)?
2
Suppose 18 + 6 = -4*x. Let y be (-2)/x*(0 + 21). Suppose -y*d = -2*d - 200. What is the units digit of d?
0
Let s = 14 - 10. Suppose 0 = s*b + 56 - 616. What is the units digit of b?
0
What is the units digit of ((-15)/(-60)*22)/(2/600)?
0
Suppose -3*z + 2*n + 166 = 15, z - 5*n - 59 = 0. Let v = -8 + z. What is the tens digit of v?
4
Let m(i) = -i**3 - 2*i**2 + 3*i + 12. Suppose -5*o - 40 = 3*z, -2*o = -5*z - 5 - 10. What is the units digit of m(z)?
2
Let i(z) = z**3 + 11*z**2 - 50*z + 11. What is the tens digit of i(-14)?
2
Let k = 273 - -1535. What is the hundreds digit of k?
8
Let i(d) = -d. Let k(j) = 3*j - 29. Let q(p) = -4*i(p) - k(p). What is the tens digit of q(-16)?
1
Suppose 2*m - 4*o - 360 = 0, 913 = 5*m - 3*o + 6*o. Let x = m - 126. What is the tens digit of x?
5
Let m(a) = -4*a + 25. Let l(z) = -16*z + 100. Let o(i) = -2*l(i) + 9*m(i). What is the tens digit of o(-7)?
5
Let m(d) = -d**3 - d**2 + 5*d + 6. Let x be m(-2). What is the tens digit of (-760)/(-10) - x/(-3)?
7
Suppose 3*k - 5 = 4. Suppose 28 = -2*u - k*a, 3*a = u - 0*a + 5. Let j(v) = -4*v - 16. What is the units digit of j(u)?
8
Suppose 2610 = 2*i + 4*x - 916, -5*i + 8815 = -4*x. What is the tens digit of i?
6
Suppose -5*x - 10 + 1460 = 0. What is the units digit of x?
0
Suppose -6 = 2*w - 3*w + 3*g, -4*g = -2*w + 8. Suppose -4*i + 88 = -w*i. Let a = i + 10. What is the units digit of a?
2
Suppose 7*t - 21 = -0*t. Suppose -20 = -d + 5*w, 0 = 3*d + t*w - 33 - 81. What is the units digit of d?
5
Suppose -3 = -4*r + 13. Let l be 6*1/r*2. Suppose -y + 2 = 0, l*i - 2*y = -0*y + 86. What is the units digit of i?
0
Suppose 3 = -3*r + 6*r. Let x be (r - -36)*1 - -3. Suppose 4*z - 16 = x. What is the units digit of z?
4
Suppose 4*m = -3 - 1, -4*m + 6 = -5*k. Let d be 49/(-1 + 4 + k). What is the units digit of d/3 - 8/(-12)?
7
Let v(y) = y + 8. Let h be v(-5). What is the units digit of 676/39 + (-1)/h?
7
Let r be 1632/(-7) - 7/(-49). Let l = -7 - r. What is the tens digit of l?
2
Suppose 32*l - 30*l - 730 = 0. What is the units digit of l?
5
Let f(d) = d + 31. What is the tens digit of f(-15)?
1
Let g be 385/99 + 1/9. Suppose g*m + 3*m - 630 = 0. What is the units digit of m?
0
Suppose 34*u = 32*u + 6. Suppose -340 = -4*p + 5*a, -446 = -u*p - 2*p + a. What is the units digit of p?
0
What is the thousands digit of (-798315)/(-420) - (-1)/4?
1
Suppose 585*q - 591*q = -3300. What is the tens digit of q?
5
Let j = -7 + 9. Suppose -g + j = g. What is the units digit of 3/3 + (g - -1)?
3
Let o = -259 - -402. Let q = o + -71. What is the units digit of q?
2
Suppose 232 = 2*x + 2*x. Suppose -14*m - x = -15*m. What is the units digit of m?
8
Let w be -2*2/16 - 38/8. Let b(x) = -9*x - 1. What is the tens digit of b(w)?
4
Suppose -2*d = 6, -3 = -3*n - 2*d - 45. Let l(q) be the third derivative of -q**6/120 - q**5/5 - q**4/24 - 2*q**3/3 + q**2 - 3. What is the units digit of l(n)?
8
Let o(q) = -q**2 + 19*q - 22. Let t be o(15). Suppose 2*p - t = -0*p. What is the tens digit of p?
1
What is the units digit of 21 - 19 - (-2 + -59 - -2)?
1
Suppose 1 = m - 2*s + 3, 2*m = 5*s. Let d = -11 - m. What is the tens digit of (d/(-3))/((-3)/(-198))?
2
Let d be (-2)/(-2) - (-56)/8. Let x = 11 - d. Suppose -2*t + 111 = 5